{"id":613,"date":"2024-10-10T10:26:20","date_gmt":"2024-10-10T10:26:20","guid":{"rendered":"https:\/\/bozyaylaholding.com\/?page_id=613"},"modified":"2024-10-10T10:29:22","modified_gmt":"2024-10-10T10:29:22","slug":"turizm","status":"publish","type":"page","link":"https:\/\/bozyaylaholding.com\/index.php\/turizm\/","title":{"rendered":"Turizm"},"content":{"rendered":"\n<p class=\"has-text-align-center has-vivid-red-color has-text-color has-link-color wp-elements-5d41b6d15bf547a02fd08e91e7c7e8df\"><strong>TUR\u0130ZM<\/strong><\/p>\n\n\n\n<p>2021 Y\u0131l\u0131nda K\u00fclt\u00fcr ve Turizm bakanl\u0131\u011f\u0131n\u0131n izni ile A Grubu seyahat Acente Belgesi alarak Turizm sekt\u00f6r\u00fcne giri\u015f yapm\u0131\u015ft\u0131r.<\/p>\n\n\n\n<p class=\"has-text-align-center has-vivid-red-color has-text-color has-link-color wp-elements-122531256178145cd0943ccfd50a04b9\"><strong><a href=\"http:\/\/www.bozyaylatravel.com\/\">Bozyayla Travel Agency<\/a><\/strong><\/p>\n\n\n\n<p class=\"has-text-align-center\">(Acente sayfas\u0131na gitmek i\u00e7in t\u0131klay\u0131n\u0131z)<\/p>\n\n\n\n<p><\/p>\n","protected":false},"excerpt":{"rendered":"<p>TUR\u0130ZM 2021 Y\u0131l\u0131nda K\u00fclt\u00fcr ve Turizm bakanl\u0131\u011f\u0131n\u0131n izni ile A Grubu seyahat Acente Belgesi alarak Turizm sekt\u00f6r\u00fcne giri\u015f yapm\u0131\u015ft\u0131r. Bozyayla <\/p>\n","protected":false},"author":1,"featured_media":0,"parent":0,"menu_order":0,"comment_status":"closed","ping_status":"closed","template":"","meta":{"footnotes":""},"class_list":["post-613","page","type-page","status-publish","hentry"],"jetpack_sharing_enabled":true,"_links":{"self":[{"href":"https:\/\/bozyaylaholding.com\/index.php\/wp-json\/wp\/v2\/pages\/613","targetHints":{"allow":["GET"]}}],"collection":[{"href":"https:\/\/bozyaylaholding.com\/index.php\/wp-json\/wp\/v2\/pages"}],"about":[{"href":"https:\/\/bozyaylaholding.com\/index.php\/wp-json\/wp\/v2\/types\/page"}],"author":[{"embeddable":true,"href":"https:\/\/bozyaylaholding.com\/index.php\/wp-json\/wp\/v2\/users\/1"}],"replies":[{"embeddable":true,"href":"https:\/\/bozyaylaholding.com\/index.php\/wp-json\/wp\/v2\/comments?post=613"}],"version-history":[{"count":2,"href":"https:\/\/bozyaylaholding.com\/index.php\/wp-json\/wp\/v2\/pages\/613\/revisions"}],"predecessor-version":[{"id":620,"href":"https:\/\/bozyaylaholding.com\/index.php\/wp-json\/wp\/v2\/pages\/613\/revisions\/620"}],"wp:attachment":[{"href":"https:\/\/bozyaylaholding.com\/index.php\/wp-json\/wp\/v2\/media?parent=613"}],"curies":[{"name":"wp","href":"https:\/\/api.w.org\/{rel}","templated":true}]}}