{"id":795,"date":"2024-11-18T16:45:44","date_gmt":"2024-11-18T16:45:44","guid":{"rendered":"https:\/\/bozyaylaholding.com\/?page_id=795"},"modified":"2024-12-13T10:02:32","modified_gmt":"2024-12-13T10:02:32","slug":"turkkahvesi","status":"publish","type":"page","link":"https:\/\/bozyaylaholding.com\/index.php\/turkkahvesi\/","title":{"rendered":"T\u00fcrk Kahvesi"},"content":{"rendered":"\n<p><mark style=\"background-color:rgba(0, 0, 0, 0)\" class=\"has-inline-color has-black-color\">&#8220;Marco De La Mocha&#8221; Markam\u0131z\u0131n T\u00fcrk k\u00fclt\u00fcr ve damak tad\u0131n\u0131 korumak amac\u0131yla \u00e7\u0131karm\u0131\u015f oldu\u011fu \u00fcr\u00fcn \u00e7e\u015fidi olan T\u00fcrk kahvesini size sunmaktan gurur duyar\u0131z. <\/mark><\/p>\n\n\n\n<p><mark style=\"background-color:rgba(0, 0, 0, 0)\" class=\"has-inline-color has-black-color\">\u00dclkemizde 1566 y\u0131l\u0131ndan bu yana t\u00fcketilen t\u00fcrk kahvesinin do\u011fal \u00fcreticisi aroma ve tad\u0131 arabistan yar\u0131madas\u0131nda &#8220;Yemen Mocha&#8221; b\u00f6lgesine ait peaberry kahve \u00e7ekirdeklerinden yap\u0131lmaktayd\u0131. Ne yaz\u0131k ki; \u00fclkemizde 2021 y\u0131l\u0131ndan bu yana artan maliyetler ve t\u00fcketici bilincinin yeteri kadar tabana yay\u0131lmamas\u0131 sebebiyle kahve ithalat\u00e7\u0131 ve \u00fcreticileri ucuz ve kalitesiz kahve \u00e7ekirdeklerinden t\u00fcrk kahvesi \u00fcretmektedirler. kendi \u015fubelerinde s\u0131cak sat\u0131\u015f\u0131 veya marketler arac\u0131l\u0131\u011f\u0131 ile sat\u0131\u015f\u0131 ger\u00e7ekle\u015ftirilen bu kahvelerin \u00e7ekirdek men\u015fei yazmad\u0131\u011f\u0131 gibi 150 y\u0131ll\u0131k firmalar\u0131n bile brezilya minas kahvesi satt\u0131\u011f\u0131n\u0131n\u0131 sorarak \u00f6\u011frenebilirsiniz. bu durum ba\u015fka \u00fclkelerde olsa bu firmalara el konulurdu. t\u00fcketici olarak \u00fcretici ve ithalat\u00e7\u0131y\u0131 bask\u0131 alt\u0131na almak i\u00e7in t\u00fcketece\u011finiz t\u00fcrk kahvesini <strong>&#8220;Yemen Mocha&#8221;<\/strong> kahve \u00e7ekirdeklerinden olmas\u0131na \u00f6zen g\u00f6stermelisiniz. Bunun i\u00e7inde s\u0131cak sat\u0131\u015f yapan firmalara sorarak ve t\u00fcrk kahvesi satan paketlerde \u00f6zenle se\u00e7erek firmalar\u0131 bu do\u011frultuda \u00fcretime mecbur b\u0131rakabiliriniz. hile ve ta\u011f\u015fi\u015fin yayg\u0131n oldu\u011fu g\u00fcn\u00fcm\u00fczde &#8220;Yemen Mocha&#8221; \u00e7ekirdekleri d\u0131\u015f\u0131nda kahve kullanarak ta\u011f\u015fi\u015fli \u00fcr\u00fcn satmaya \u00e7al\u0131\u015famazlar. sebebi ise yemen mocha kahvesinin sizin bildi\u011finiz t\u00fcrk kahvesi tad\u0131 olmay\u0131\u015f\u0131d\u0131r. hile ve ta\u011f\u015fi\u015f \u00e7ok \u00e7abuk ay\u0131rt edielbilece\u011fi i\u00e7in ta\u011f\u015fi\u015ften uzak duracaklard\u0131r.  <\/mark><\/p>\n\n\n\n<p><strong><mark style=\"background-color:rgba(0, 0, 0, 0)\" class=\"has-inline-color has-black-color\">Neden Marco de la Mocha markas\u0131 70gr paketler halinde sat\u0131lmaktad\u0131r?<\/mark><\/strong><\/p>\n\n\n\n<p><mark style=\"background-color:rgba(0, 0, 0, 0)\" class=\"has-inline-color has-black-color\">kahve \u00e7ekirdekleri <strong>\u00f6\u011f\u00fct\u00fcld\u00fckten 45 dakika i\u00e7erisinde<\/strong> aroma ve tad\u0131ndan (nem ve s\u0131cakl\u0131k) bulundu\u011funuz ortama g\u00f6re %40 yak\u0131n kay\u0131p ya\u015fayabilirler. bu sebeble taze kokusu \u00fczerindeyken %26 nem ve 16 derece ortamdaki atmosferik ortamda (seal) m\u00fch\u00fcrleme i\u015flemi ile siz de\u011ferli t\u00fckecilere bu \u00fcr\u00fcn\u00fc ula\u015ft\u0131rmaktan mutluluk duymaktay\u0131z.  paket a\u00e7\u0131ld\u0131ktan sonra dahi a\u00e7\u0131l\u0131r kapan\u0131r paket yap\u0131s\u0131 ile kahvenizin tazeli\u011fini koruyabilrisiniz. ne yaz\u0131kki piyasada bulunan firmalar bu konuda hassas de\u011filler. <\/mark><\/p>\n\n\n\n<p><mark style=\"background-color:rgba(0, 0, 0, 0)\" class=\"has-inline-color has-black-color\">\u00f6\u011f\u00fct\u00fclm\u00fc\u015f kahve \u00e7ekirdekleri tercih ederken paket b\u00fcy\u00fckl\u00fcklerinin 70 gram\u0131 ge\u00e7memesine dikkat ediniz. ne yazik ki s\u0131cak paketsiz sat\u0131\u015f yapan 150 y\u0131ll\u0131k firmalar\u0131n emin\u00f6n\u00fc \u015fubelerinden kilo kilo toz kahve al\u0131nd\u0131\u011f\u0131 bilinmektedir. bu \u00e7ekim esnas\u0131nda 45 dakika d\u0131\u015far\u0131da bekletilmi\u015f \u00fcr\u00fcn\u00fc sizlere sunarken t\u00fcketim i\u00e7in elveri\u015fsiz bir miktard\u0131r. geli\u015fen teknoloji ile birlikte doypack paketler ile k\u00fc\u00e7\u00fck gramajl\u0131 kahvelerinin \u00f6mr\u00fcn\u00fc dahada art\u0131rabilirsiniz. bu sebeble tercih edece\u011finiz kahvelerin bu \u00e7e\u015fitlerden olmas\u0131na dikkat ediniz. <\/mark><\/p>\n\n\n\n<div class=\"wp-block-media-text is-stacked-on-mobile\" style=\"grid-template-columns:35% auto\"><figure class=\"wp-block-media-text__media\"><img loading=\"lazy\" decoding=\"async\" width=\"1024\" height=\"884\" src=\"https:\/\/bozyaylaholding.com\/wp-content\/uploads\/2024\/12\/IMG_2064-2-1024x884.jpg\" alt=\"\" class=\"wp-image-818 size-full\" srcset=\"https:\/\/bozyaylaholding.com\/wp-content\/uploads\/2024\/12\/IMG_2064-2-1024x884.jpg 1024w, https:\/\/bozyaylaholding.com\/wp-content\/uploads\/2024\/12\/IMG_2064-2-300x259.jpg 300w, https:\/\/bozyaylaholding.com\/wp-content\/uploads\/2024\/12\/IMG_2064-2-768x663.jpg 768w, https:\/\/bozyaylaholding.com\/wp-content\/uploads\/2024\/12\/IMG_2064-2-1536x1326.jpg 1536w, https:\/\/bozyaylaholding.com\/wp-content\/uploads\/2024\/12\/IMG_2064-2.jpg 1840w\" sizes=\"auto, (max-width: 1024px) 100vw, 1024px\" \/><\/figure><div class=\"wp-block-media-text__content\">\n<p><mark style=\"background-color:rgba(0, 0, 0, 0)\" class=\"has-inline-color has-black-color\">Firmam\u0131z istenildi\u011fi zaman &#8220;\u00e7ekirdek kahve&#8221;&#8221; olarak \u00fcr\u00fcn\u00fc sizlere sunabilir ancak t\u00fcrk kahvesi 0.05mm pudra inceli\u011finde \u00e7ekilmesi gerekmektedir. \u00e7o\u011fu piyasada sat\u0131lan grinder (\u00f6\u011f\u00fct\u00fcc\u00fc) bu olana\u011f\u0131 sa\u011flayamaz. Her daim taze \u00fcr\u00fcn ile sizlere k\u00fc\u00e7\u00fck gramajl\u0131 paketler halinde ger\u00e7ek t\u00fcrk kahvesi ula\u015ft\u0131rmaya s\u00f6z veriyoruz.<\/mark> <\/p>\n<\/div><\/div>\n\n\n\n<p><\/p>\n","protected":false},"excerpt":{"rendered":"<p>&#8220;Marco De La Mocha&#8221; Markam\u0131z\u0131n T\u00fcrk k\u00fclt\u00fcr ve damak tad\u0131n\u0131 korumak amac\u0131yla \u00e7\u0131karm\u0131\u015f oldu\u011fu \u00fcr\u00fcn \u00e7e\u015fidi olan T\u00fcrk kahvesini s<\/p>\n","protected":false},"author":1,"featured_media":0,"parent":0,"menu_order":0,"comment_status":"closed","ping_status":"closed","template":"","meta":{"footnotes":""},"class_list":["post-795","page","type-page","status-publish","hentry"],"jetpack_sharing_enabled":true,"_links":{"self":[{"href":"https:\/\/bozyaylaholding.com\/index.php\/wp-json\/wp\/v2\/pages\/795","targetHints":{"allow":["GET"]}}],"collection":[{"href":"https:\/\/bozyaylaholding.com\/index.php\/wp-json\/wp\/v2\/pages"}],"about":[{"href":"https:\/\/bozyaylaholding.com\/index.php\/wp-json\/wp\/v2\/types\/page"}],"author":[{"embeddable":true,"href":"https:\/\/bozyaylaholding.com\/index.php\/wp-json\/wp\/v2\/users\/1"}],"replies":[{"embeddable":true,"href":"https:\/\/bozyaylaholding.com\/index.php\/wp-json\/wp\/v2\/comments?post=795"}],"version-history":[{"count":12,"href":"https:\/\/bozyaylaholding.com\/index.php\/wp-json\/wp\/v2\/pages\/795\/revisions"}],"predecessor-version":[{"id":820,"href":"https:\/\/bozyaylaholding.com\/index.php\/wp-json\/wp\/v2\/pages\/795\/revisions\/820"}],"wp:attachment":[{"href":"https:\/\/bozyaylaholding.com\/index.php\/wp-json\/wp\/v2\/media?parent=795"}],"curies":[{"name":"wp","href":"https:\/\/api.w.org\/{rel}","templated":true}]}}